 2*j**3/3 + 5*j**2/2 + 3*j - 2. Give z(l).
-21
Suppose -8*a = -12*a + 92. Let c = a + -17. Let h(j) = 87 + 0*j + j - 83. Determine h(c).
10
Suppose -2*u = 2*h + 18, -6*h - 39 = -2*h + 5*u. Let i(q) = q**2 + 8*q + 8. Calculate i(h).
-4
Let s(y) = -9*y + 23*y**2 - 7 - 9*y**2 - 5*y**2 - 10*y**2. Let i(f) be the first derivative of -f**2/2 - 11*f + 18. Let a be i(-3). Give s(a).
1
Let w = 13675 - 13674. Let b(m) = -10*m**3 - 4*m**2 - 2*m + 2. What is b(w)?
-14
Let t(h) be the second derivative of 1/2*h**2 + 4*h - 2 + 5/6*h**3. Give t(-5).
-24
Let f(r) = -r + 11. Let v be f(6). Let h(g) = -46*g**3 - 8*g**2 - 2*g + 33. Let o(q) = 59*q**3 + 11*q**2 + 2*q - 43. Let x(a) = -9*h(a) - 7*o(a). Give x(v).
24
Let f = 624 - 628. Let v(p) be the second derivative of p**5/20 + p**4/3 - 5*p**3/6 - 3*p**2/2 - 8*p. Calculate v(f).
17
Let u be -17 + 0/3 + 3. Let v = u - -19. Let y(c) be the first derivative of c**3/3 - 4*c**2 + 7*c + 559. Give y(v).
-8
Let r(n) = 75*n - 8. Let u(c) = -37*c - 1. Let o(q) = 2*r(q) + 4*u(q). Give o(10).
0
Let a(r) be the second derivative of -r**6/120 - 3*r**5/20 - r**4/4 + 4*r**3/3 + 157*r**2/2 + r - 20. Let g(h) be the first derivative of a(h). Determine g(-8).
-8
Let r(w) = 2*w + 2. Let n(s) = -s**3 + 43*s**2 + 188*s - 6. Let v be n(47). Calculate r(v).
-10
Let o(t) = -22*t**2 + 5*t + 24. Let k(n) = -14*n**2 + 3*n + 16. Let z = 100 + -95. Let p(v) = z*o(v) - 8*k(v). Give p(0).
-8
Let k = -58 - -63. Let b(i) = i**2 - 3*i + 4. Let m be b(2). Suppose 4 = 2*x - m*f, -x + 1 = -k*x + f. Let t(c) = 2*c**3 - c - 1. What is t(x)?
-2
Let w(c) = -c**2 - 3*c - 9. Let v be -11 + 737/66 + 50/(-12). What is w(v)?
-13
Suppose 4 = 2*w, 5*w - 17 = -2*g + 11. Let s(b) = 6 + 100*b**2 - 202*b**2 + g*b + 101*b**2. What is s(10)?
-4
Suppose 2*u - 3 = -3*d, 2*d - 9 = -3*u + 4*u. Let s(j) = 2*j. Let y(n) = -3*n + 1. Let o(m) = u*y(m) - 2*s(m). Determine o(-6).
-33
Let j(u) be the first derivative of -1/12*u**4 - 41*u - 1/2*u**2 + 1/6*u**3 - 21. Let a(n) be the first derivative of j(n). Calculate a(1).
-1
Let g = -33 + 52. Suppose g*h = 20*h + 3. Let c(y) be the second derivative of -y**3/3 + 2*y**2 + 4*y. Give c(h).
10
Let t be (-6)/(-2) + 1 + -10 + 11. Let l(p) = 2290*p - 6*p**2 - 2290*p - 8 + t*p**2. Give l(0).
-8
Let g(t) = -t**2 - 3*t - 1. Suppose 621 = -4*i + 13*i. Let u = 79 - i. Let q be ((-5)/u*14)/1. What is g(q)?
-29
Let v(n) = 107 + 66 - 7*n - 9329*n**2 - 50 + 9328*n**2. Determine v(8).
3
Let v be 290/50 - (4/7)/(10/14). Let j(d) = d**3 + d**2 + 1. Let a(q) = -3*q**3 + 2*q**2 + 7*q - 5. Let c(h) = a(h) + 2*j(h). Give c(v).
7
Let h = -11 - -7. Let q(b) be the first derivative of -1/4*b**4 - 3/2*b**2 - 4/3*b**3 + 2*b - 10. What is q(h)?
14
Let x(p) = 6*p - 5. Let j(s) = 5*s - 4. Let r(w) = 5*j(w) - 4*x(w). Let u be r(-9). Let g(b) = 10*b**2 + 9*b - b + 0*b**3 + b**3 + b - 8. What is g(u)?
-8
Let w(h) = 3*h + 13. Let r(i) = i**2 + 28*i + 14. Let b be r(-28). Let t(u) = -u - 4. Let o(p) = b*t(p) + 4*w(p). Let g = 7 - 1. What is o(g)?
-16
Let a = -64 + 57. Let i(d) = 14*d**2 - 38*d - 12. Let b be 28/(-5) + (-12)/90*3. Let y(q) = -5*q**2 + 13*q + 4. Let k(r) = b*i(r) - 17*y(r). Give k(a).
4
Let g(z) = -58*z**2 - z - 6 - z**3 + 65*z**2 + 0*z. Suppose 4*y = -61 + 69, -36 = -5*q - 3*y. Calculate g(q).
24
Let u(t) be the second derivative of t**4/12 - 3*t**3 - 18*t**2 + 2*t - 119. Give u(20).
4
Let q(n) = -n**3 + 7*n**2 + 8*n + 5. Let h be q(8). Let m(l) = -2 - 3 - 4 + 3*l - 9 + 13. What is m(h)?
10
Let u(b) be the first derivative of -b**2/2 + 2*b - 12890. Suppose 0 = -2*s - 2*s + 16. Suppose x - 5*k + 0 = -4, 0 = -x + k - s. Determine u(x).
6
Let k(f) = -f**2 + f - 1. Let c = 193 + -187. Suppose -2*r - 1 = -v, c*r = 8*r. Calculate k(v).
-1
Let k(l) = l - 2. Let o(d) = -7*d - 88. Let f be o(-13). Suppose -c - 14 = -3*z, -z - f*c = -0 - 18. Determine k(z).
4
Let n(t) = -5*t. Let r(j) = -30*j. Let y(u) = -25*n(u) + 4*r(u). Let i be (-5*(-8)/60 + 10/(-6))*1. Calculate y(i).
-5
Let y(s) = 9*s**3 - 6*s**2 - 11*s - 12. Let m be y(6). Let v be 3/(-4) - (m/40)/(-11). Let u(x) = -2*x - 4. Give u(v).
-10
Let q be -16*(-4)/(-20)*-5. Suppose 11*w - q*w = -9*w. Suppose 3*x - 3*p = w, 0 = 2*x + 5*p + 18 + 10. Let s(c) = -c**3 - 4*c**2 - 4*c + 1. Give s(x).
17
Let x(o) = -2*o**2 - 11*o - 23. Suppose -2*n - 28 = 15*s - 13*s, 0 = 11*n + 2*s + 91. Give x(n).
-44
Let s(m) be the third derivative of 2*m + 3/20*m**5 - 1/3*m**4 + 7/6*m**3 - 60*m**2 + 0 + 1/120*m**6. Suppose 2*u - 30 = 5*u. Give s(u).
-13
Let f(b) = -5*b**3 + 20*b**2 - 53*b + 74. Let p(l) = -7*l**3 + 27*l**2 - 71*l + 103. Let s(m) = -11*f(m) + 8*p(m). Give s(-6).
-8
Suppose -90*t - 2*r + 1 = -87*t, 2*t - 5*r = 7. Let o(c) = -23*c + 2. Calculate o(t).
-21
Let w(d) = -d - 20. Let v be ((-2)/(-21) - 722/(-798))/((-1)/(-4)). Determine w(v).
-24
Let l be (0 + 0)/(3/(-3)). Let g(m) = 11*m - 17. Let q(s) = 2*s - 1. Let v(w) = g(w) - 6*q(w). Calculate v(l).
-11
Let d(r) = r**3 + 5*r**2 - 45*r - 84. Let t be d(-9). Let f(s) = s**2 - 2*s. Calculate f(t).
15
Let v(r) = 20*r - 944. Let k be 4*(-1551)/88*2/(-3). What is v(k)?
-4
Suppose -20 = -81*f + 76*f. Let m(z) = -z**2 + 21 + 2*z - 17 - 2. What is m(f)?
-6
Let n(h) = h**3 - 10*h**2 - 43*h - 171. Let r be n(14). Let w(x) = -x**3 + 12*x**2 - 6*x - 14. Give w(r).
41
Let a = -392 - -397. Let o(r) = -r + 2. Let f be o(-1). Let n(v) = 3*v + 5. Let h(s) = -2*s - 6. Let i(k) = f*n(k) + 4*h(k). Calculate i(a).
-4
Let l(x) = 180*x + 7871. Let j be l(-44). Let z(g) = -g**3 - 49*g**2 + g + 53. Give z(j).
4
Let z(p) = -p**3 + 10*p**2 - 4*p - 11. Let l(k) = 32*k**3 - 4*k**2 + 5*k + 1. Let u be l(2). Let w = u - 242. What is z(w)?
34
Let r(n) = -n**3 - 2*n**2 - 2*n - 1. Suppose -22*g - 2035 = 5*g - 2035. Give r(g).
-1
Let t(l) = l**2 - 19. Let n = 53 - 55. Let i be (1*(2 + n))/(-16 - -18). Give t(i).
-19
Let d(b) be the first derivative of -b**4/24 + b**3/3 + 9*b**2/2 + 56. Let c(x) be the second derivative of d(x). Calculate c(2).
0
Suppose 18*j + 19 - 109 = 0. Let w(v) = -1 - j*v - 625*v**2 + 620*v**2 + 0*v**3 + v**3. What is w(6)?
5
Suppose -5*l + 15 = -10, -o + 2*l = 13. Let j(d) be the third derivative of d**6/120 + d**5/30 - d**4/12 + d**3/6 + 4*d**2. Calculate j(o).
-2
Let d(c) = 2*c**3 - c - 1. Let n = 405 + -235. Let z be (-1*2)/(-8) + n/(-136). Give d(z).
-2
Let w(f) be the second derivative of -7*f**5/20 + f**4/3 + 7*f**3/6 + f**2 - 78*f - 27. Give w(-1).
6
Suppose m = 5*u - 1297, -2*m - 1205 = -5*u + 89. Let a = 258 - u. Let i(k) = 2*k**2 + 2*k + 2. What is i(a)?
6
Let t(n) = 0 - 2 - 2*n - n. Let k(l) = 21531 - 10768 - 10765 - 4*l. Let d(f) = 2*k(f) - 3*t(f). What is d(-2)?
0
Let q(d) = 7*d + 12*d - 6 + 14 + 11*d - 25*d. Calculate q(0).
8
Let r(t) = 3*t - 10. Let i = -9549 - -9557. Give r(i).
14
Let g(d) be the second derivative of -5*d**3/6 + 9*d**2 - 813*d. Let i(j) = -6*j + 19. Let t = -15 + 9. Let w(l) = t*i(l) + 7*g(l). Calculate w(0).
12
Let k(y) = -2*y**3 + 52*y**2 - 51*y + 22. Let x(i) = 35*i**2 + 206*i + 1. Let s be x(-6). Determine k(s).
-3
Let o be -21 + 77 + -9 + -50. Let k(c) be the first derivative of 2*c**3/3 - 3*c**2/2 - c + 1. Let j(d) be the first derivative of k(d). Give j(o).
-15
Let a(k) be the second derivative of -k**3/3 - 3*k**2 + 487*k. Give a(5).
-16
Let b(y) = -y**3 + 16*y**2 - 48*y + 9. Suppose -720*q + 768 = -656*q. Calculate b(q).
9
Let s(f) = 647*f + 640*f - 9 - 1292*f. Calculate s(-3).
6
Suppose 0 = -2*c + 10, 9 = 81*v - 82*v + 3*c. Let x be 6 + -1*(-1 - -3). Suppose -p = p + 2*f - v, x*f - 8 = 0. Let d(r) = 9*r. Give d(p).
9
Let h(s) = 0*s - 10 + 17*s + s - 17*s. What is h(11)?
1
Suppose 3*z - 5*w - 47 = 0, z + 0*w = -2*w + 1. Suppose 33*l = 30*l + z. Let u(y) = 3*y**2 - 3*y. What is u(l)?
18
Let o(c) = 4 - 25 - 17*c**2 + 803*c - 783*c. Let n(m) = 3*m**2 - 4*m + 4. Let z(p) = -11*n(p) - 2*o(p). Determine z(-3).
-5
Let u = -9 + 5. Let b(s) be the second derivative of s**4/6 + 5*s**3/6 + 3*s**2 - s - 23626. Calculate b(u).
18
Let f(i) = 17 + 95*i**2 + i - 89*i**2 - 11 - 25 + i**3. Calculate f(-5).
1
Let f(i) = -3*i**2 + 4*i - 1. Let u(k) = 16*k**2 + k + 28. Let c(l) = -5*f(l) - u(l). Give c(-20).
-3
Let x(s) = -2*s + 3. Suppose 0*n - 35 = -2*n + q, 17 = n - q. Let i be (n/8)/((-6)/(-40)). Suppose 2*b - 2*t = 5*b + i, 0 = 5*b + 2*t + 21